st the prime factors of 2544.
2, 3, 53
List the prime factors of 17.
17
List the prime factors of 212.
2, 53
List the prime factors of 29.
29
List the prime factors of 2350.
2, 5, 47
List the prime factors of 54162.
2, 3, 17, 59
What are the prime factors of 5692?
2, 1423
List the prime factors of 1330.
2, 5, 7, 19
List the prime factors of 1087.
1087
What are the prime factors of 31371?
3, 10457
What are the prime factors of 18957?
3, 71, 89
List the prime factors of 1711.
29, 59
List the prime factors of 555.
3, 5, 37
What are the prime factors of 4060?
2, 5, 7, 29
What are the prime factors of 5754?
2, 3, 7, 137
List the prime factors of 1744.
2, 109
List the prime factors of 162963.
3, 19, 953
List the prime factors of 22393.
7, 457
List the prime factors of 71928.
2, 3, 37
List the prime factors of 1201.
1201
List the prime factors of 126632.
2, 11, 1439
List the prime factors of 99627.
3, 11, 3019
List the prime factors of 6040.
2, 5, 151
List the prime factors of 5522.
2, 11, 251
What are the prime factors of 2292?
2, 3, 191
What are the prime factors of 11527?
11527
What are the prime factors of 2205?
3, 5, 7
List the prime factors of 296.
2, 37
What are the prime factors of 7?
7
What are the prime factors of 238?
2, 7, 17
What are the prime factors of 27436?
2, 19
What are the prime factors of 5502?
2, 3, 7, 131
What are the prime factors of 789?
3, 263
List the prime factors of 1646.
2, 823
List the prime factors of 1308.
2, 3, 109
List the prime factors of 1453.
1453
What are the prime factors of 2008?
2, 251
What are the prime factors of 1207?
17, 71
List the prime factors of 19905.
3, 5, 1327
List the prime factors of 13401.
3, 1489
List the prime factors of 54993.
3, 23, 797
What are the prime factors of 4501?
7, 643
List the prime factors of 6485.
5, 1297
What are the prime factors of 458?
2, 229
What are the prime factors of 16564?
2, 41, 101
List the prime factors of 1893.
3, 631
List the prime factors of 11022.
2, 3, 11, 167
List the prime factors of 2506.
2, 7, 179
List the prime factors of 7852.
2, 13, 151
What are the prime factors of 968?
2, 11
What are the prime factors of 30398?
2, 15199
List the prime factors of 56.
2, 7
What are the prime factors of 949?
13, 73
What are the prime factors of 1585?
5, 317
What are the prime factors of 1108?
2, 277
List the prime factors of 286.
2, 11, 13
What are the prime factors of 7971?
3, 2657
What are the prime factors of 32589?
3, 17, 71
List the prime factors of 15727.
15727
What are the prime factors of 3720?
2, 3, 5, 31
What are the prime factors of 7211?
7211
What are the prime factors of 141710?
2, 5, 37, 383
List the prime factors of 6381.
3, 709
What are the prime factors of 18385?
5, 3677
List the prime factors of 63860.
2, 5, 31, 103
List the prime factors of 1085.
5, 7, 31
List the prime factors of 159070.
2, 5, 15907
What are the prime factors of 14214?
2, 3, 23, 103
List the prime factors of 46393.
17, 2729
What are the prime factors of 1208?
2, 151
List the prime factors of 1833.
3, 13, 47
What are the prime factors of 3995?
5, 17, 47
List the prime factors of 81284.
2, 7, 2903
What are the prime factors of 111548?
2, 79, 353
List the prime factors of 407.
11, 37
List the prime factors of 4064.
2, 127
What are the prime factors of 102097?
23, 193
List the prime factors of 1263.
3, 421
List the prime factors of 8240.
2, 5, 103
What are the prime factors of 375?
3, 5
List the prime factors of 16479.
3, 1831
List the prime factors of 33827.
33827
What are the prime factors of 6273?
3, 17, 41
What are the prime factors of 1426?
2, 23, 31
What are the prime factors of 2284?
2, 571
What are the prime factors of 60011?
7, 8573
List the prime factors of 4308.
2, 3, 359
What are the prime factors of 28362?
2, 3, 29, 163
List the prime factors of 102996.
2, 3, 2861
What are the prime factors of 821?
821
List the prime factors of 149.
149
List the prime factors of 523.
523
List the prime factors of 12850.
2, 5, 257
List the prime factors of 114619.
61, 1879
What are the prime factors of 1337?
7, 191
What are the prime factors of 16594?
2, 8297
What are the prime factors of 18987?
3, 6329
List the prime factors of 19163.
19163
List the prime factors of 5002.
2, 41, 61
List the prime factors of 1377.
3, 17
List the prime factors of 4010.
2, 5, 401
List the prime factors of 4252.
2, 1063
What are the prime factors of 62406?
2, 3, 3467
List the prime factors of 10970.
2, 5, 1097
List the prime factors of 7034.
2, 3517
List the prime factors of 17654.
2, 7, 13, 97
List the prime factors of 38497.
137, 281
What are the prime factors of 4205?
5, 29
What are the prime factors of 96782?
2, 7, 31, 223
What are the prime factors of 72875?
5, 11, 53
List the prime factors of 5531.
5531
List the prime factors of 148.
2, 37
List the prime factors of 22134.
2, 3, 7, 17, 31
What are the prime factors of 20395?
5, 4079
What are the prime factors of 98185?
5, 73, 269
What are the prime factors of 3619?
7, 11, 47
What are the prime factors of 1920?
2, 3, 5
What are the prime factors of 9000?
2, 3, 5
What are the prime factors of 47?
47
What are the prime factors of 19640?
2, 5, 491
What are the prime factors of 61526?
2, 30763
List the prime factors of 41860.
2, 5, 7, 13, 23
List the prime factors of 1666.
2, 7, 17
What are the prime factors of 33748?
2, 11, 13, 59
List the prime factors of 82.
2, 41
What are the prime factors of 16252?
2, 17, 239
What are the prime factors of 11943?
3, 1327
List the prime factors of 7685.
5, 29, 53
List the prime factors of 4872.
2, 3, 7, 29
List the prime factors of 1273.
19, 67
What are the prime factors of 5962?
2, 11, 271
What are the prime factors of 24943?
24943
What are the prime factors of 195?
3, 5, 13
List the prime factors of 1228.
2, 307
List the prime factors of 34489.
7, 13, 379
What are the prime factors of 1261?
13, 97
What are the prime factors of 607?
607
List the prime factors of 1464.
2, 3, 61
List the prime factors of 39145.
5, 7829
What are the prime factors of 63?
3, 7
List the prime factors of 43170.
2, 3, 5, 1439
List the prime factors of 2593.
2593
List the prime factors of 32202.
2, 3, 1789
List the prime factors of 568.
2, 71
What are the prime factors of 28625?
5, 229
What are the prime factors of 26920?
2, 5, 673
List the prime factors of 43490.
2, 5, 4349
List the prime factors of 7779.
3, 2593
What are the prime factors of 7222?
2, 23, 157
What are the prime factors of 78788?
2, 19697
What are the prime factors of 30449?
30449
List the prime factors of 17633.
7, 11, 229
List the prime factors of 1703.
13, 131
List the prime factors of 2138.
2, 1069
List the prime factors of 53618.
2, 17, 19, 83
What are the prime factors of 3367?
7, 13, 37
What are the prime factors of 1285?
5, 257
List the prime factors of 11074.
2, 7, 113
What are the prime factors of 340?
2, 5, 17
List the prime factors of 27142.
2, 41, 331
What are the prime factors of 34937?
7, 23, 31
List the prime factors of 107505.
3, 5, 2389
List the prime factors of 1252.
2, 313
What are the prime factors of 1198?
2, 599
What are the prime factors of 903?
3, 7, 43
List the prime factors of 524.
2, 131
What are the prime factors of 2007?
3, 223
List the prime factors of 5408.
2, 13
What are the prime factors of 156118?
2, 78059
List the prime factors of 3425.
5, 137
What are the prime factors of 64795?
5, 12959
What are the prime factors of 21702?
2, 3, 3617
What are the prime factors of 131978?
2, 7, 11, 857
What are the prime factors of 130855?
5, 26171
What are the prime factors of 95?
5, 19
List the prime factors of 3340.
2, 5, 167
List the prime factors of 7596.
2, 3, 211
List the prime factors of 78647.
31, 43, 59
List the prime factors of 3078.
2, 3, 19
What are the prime factors of 4770?
2, 3, 5, 53
What are the prime factors of 87187?
87187
What are the prime factors of 10032?
2, 3, 11, 19
List the prime factors of 3489.
3, 1163
What are the prime factors of 4309?
31, 139
What are the prime factors of 1906?
2, 953
List the prime factors of 2297.
2297
List the prime factors of 2943.
3, 109
List the prime factors of 85295.
5, 7, 2437
List the prime factors of 5532.
2, 3, 461
What are the prime factors of 163?
163
List the prime factors of 2624.
2, 41
What are t